*p = -z. What is the tens digit of x(p)?
1
Suppose c = 4*n - 2, -2*c - 2*n + 9 + 7 = 0. Let j = 4 - c. What is the units digit of -2*1 + (-12)/j?
4
Suppose -5*c - 253 = -4*z, -4*c + 12 = -0*c. What is the tens digit of z?
6
Let z(r) = -r**2 - 4*r - 2. What is the units digit of z(-3)?
1
Suppose 5*i = 4*z - 80, 5*z = -4*i + 26 + 74. What is the units digit of z?
0
Suppose 2*j + 15 + 10 = -3*f, -5*f + 4*j - 27 = 0. What is the units digit of 1/f - (-267)/7?
8
Suppose 4*t + 43 + 2 = h, -5*h - t = -183. What is the units digit of h?
7
Let w(c) = -8*c**2 + 7*c + 2 - c + c**3 + 0 + c. What is the units digit of w(7)?
2
Suppose -13*t + 17*t = 532. What is the units digit of t?
3
Let a be (-1)/(-2) + (-3)/(-2). Suppose a*l = -l. Suppose -3*h - 35 = -5*r, -r = -2*h - 14 - l. What is the units digit of r?
4
Suppose -25 = 2*q - 69. What is the units digit of q?
2
Let q(x) = 3*x**2 + 8*x - 11. What is the units digit of q(-9)?
0
Suppose -92 = 6*o - 350. What is the units digit of o?
3
Suppose 2*j + 26 + 14 = 0. Let h = j + 30. What is the units digit of h?
0
Let s(n) = 2*n**2 + 8*n + 13. What is the tens digit of s(6)?
3
Suppose -u = -39 - 71. What is the tens digit of u?
1
Let a = -9 - -11. Suppose -i = i - a. What is the units digit of i?
1
Let w = 188 + -126. What is the tens digit of w?
6
Let g = -44 - -128. What is the units digit of g?
4
Let y = -128 - -135. What is the units digit of y?
7
Let l(x) = x**3 + 6*x**2 + 4*x + 3. Let h be l(-4). Suppose -h - 2 = -p + 4*w, -2*w - 5 = 5*p. What is the units digit of p?
1
Suppose 2824 = 83*l - 75*l. What is the tens digit of l?
5
Suppose -2 = -3*o - 8. Let l be 15/10 + (-1)/o. Suppose -5*m = -i - m - 19, 5*i = -l*m + 15. What is the units digit of i?
1
Let q = 104 + -74. What is the tens digit of q?
3
What is the units digit of 5 - (-7 - -2 - -3)?
7
Let k(t) = -2*t - 4 - 9 + 4. Let r(q) = -q**2 + 2*q - 3. Let s be r(3). What is the units digit of k(s)?
3
Let w(r) = 2*r + 3. Let j be 1*(1 + 2)/(-1). Let u be w(j). Let n(f) = f**2 - 1. What is the units digit of n(u)?
8
Let c = 8 + -3. Suppose -c*a - 55 = -10*a. What is the tens digit of a?
1
Suppose 0 = -0*y - 5*y + 70. Let x = y + -8. Suppose -a + x*a - 40 = 0. What is the units digit of a?
8
Let q(u) = u**3 - 2*u**2 - 4*u + 2. Let j be q(3). Let g be (0 - j)/(3/33). Suppose 3*o + 4*m = -5, 0 = o + 4*m + 4 + g. What is the units digit of o?
5
Let z be (-20)/(-6)*(-9)/(-6). Let f = 129 - 77. Suppose c + f = z*c. What is the units digit of c?
3
What is the tens digit of (17 - 5)/6 + 208?
1
Suppose 25 = -d + 6*d. What is the units digit of d?
5
Suppose r = -4*b + 98, -5*b - 5*r = -10*r - 135. What is the units digit of b?
5
Suppose b = d, -4*b - 4*d + 4 = -4. Suppose -4*n + b = -7. Suppose -n*z + 4*z = 5*u - 55, -62 = -4*u - 2*z. What is the tens digit of u?
1
Let m(g) = 1. Let y(t) = -t - 14. Let z(p) = 22*m(p) + 2*y(p). Suppose -r = 5*u + 35, 0 = 2*u + 6*r - r + 14. What is the units digit of z(u)?
8
Let d(r) = 7 - 2 - 3 + 2*r**2 - r. What is the units digit of d(3)?
7
What is the units digit of (74 + -1)/((-8)/(32/(-4)))?
3
Let r be -2 + (-1)/((-2)/(-6)). Let p = -21 + 14. What is the units digit of (-4)/(-14) + r/p?
1
Suppose -3 = -9*f + 24. Suppose 0 = -3*p + 4*r + 21, -p + r = -4 - 2. Suppose -2*h - f = -p*h. What is the units digit of h?
3
Let q(y) = -2*y**3 + y**3 - 2*y**2 - 2*y**2 - 1 - 3*y - 3. Let n(g) = g - 8. Let m be n(4). What is the units digit of q(m)?
8
Suppose 4*c - 5*a - 9 = 0, -3*a - 3 = -4*c + 4. Let d(k) = 11*k + 1. Let l be d(c). What is the units digit of (22/4)/(6/l)?
1
Suppose 50 = 4*l + 5*t + 16, -18 = -4*l + 3*t. What is the units digit of (18/4)/(3/l)?
9
Suppose -5*a + 345 = -105. Let g be 1/((0 + 1)/a). Suppose -3*y + g = 2*y. What is the tens digit of y?
1
Let w(i) = 2*i - 3. What is the units digit of w(5)?
7
Suppose 0 = -3*c + 15, 4 + 1 = -3*r + c. Let d be (0 + 1)*(r + 0). Suppose -3*k = -4*g + g - 6, k + 5*g - 14 = d. What is the units digit of k?
4
Let a(n) = n**3 - 4*n**2 - 3*n - 5. Let z be a(5). Let r = z + -4. What is the units digit of r?
1
Let r = 2 + -2. Let z(i) = 7 + r*i + 4*i - 5*i. What is the units digit of z(3)?
4
Suppose 4*w - 5*a - 540 = 0, -2*w + 4*a + 0*a = -264. What is the tens digit of w?
4
Suppose -4*s - 2*u = -72, 5*s = -u + 3*u + 99. Let r = -10 + s. Let i = r + -4. What is the units digit of i?
5
Suppose j + 110 = -3*j - 2*h, -j = -h + 35. Let k = j - -55. What is the tens digit of k?
2
Let y(u) = u**2 - 6*u + 9. What is the units digit of y(8)?
5
Let z(r) = 5*r. Let k be (1 + 0)*0 + 1. Let l be z(k). Suppose 4*q - 3*q = l. What is the units digit of q?
5
Suppose p + 21 = 4*p + 3*r, 2*r = -4*p + 18. Let a(g) = g**3 + g**2 - g - 1. What is the units digit of a(p)?
9
Suppose 3*v = 7*v - 1344. What is the hundreds digit of v?
3
What is the units digit of 0 + -2 - (3 + -7)?
2
Let w(s) = 3*s - 2. Suppose i + 2*u = 4, -3*i = -0*i + 3*u - 3. Let g be w(i). What is the units digit of (-111)/(-12) + 2/g?
9
Let w = 6 - -2. Let o be (-6)/24 - 62/w. What is the units digit of 2/o + (-203)/(-28)?
7
Suppose 2*d - 15 = 9. Suppose 4*h = -p + d + 10, 5*h - 14 = p. What is the units digit of p?
6
Let v(l) = 52*l + 3. What is the hundreds digit of v(7)?
3
Suppose 6 = -v + 2*t + 3*t, 0 = -v - t. Let d be (v + -1 + 1)*-2. Suppose 4*m - f - 30 = f, -d*f + 5 = 3*m. What is the units digit of m?
5
Let v be -1*((-2)/(-1) + -4). Suppose v*n - 7*n = -k + 51, 5*k = -3*n + 115. What is the tens digit of k?
2
Let m be 55 - (0 + -2)/(-2). Let a = -26 + 24. What is the units digit of (m/12)/((-1)/a)?
9
Suppose -8*p + 715 = -85. What is the units digit of p?
0
Let b(v) = -2*v**2 - 2*v - 1. Let f be b(-2). What is the units digit of (-4)/f*45/18?
2
Let n be -8*1*-1 - 1. Let p = n + 0. What is the units digit of p?
7
What is the units digit of 76*-3*2/(-12)?
8
Suppose 2*o + 8 = -3*f - 4, -5*f - 20 = -4*o. Let c(y) = -y - 2. Let i be c(f). Suppose 2*u - 4*u = -i. What is the units digit of u?
1
Let d(i) = -i + 22. Let v be d(0). Suppose 2*q - 31 = -7*m + 2*m, -v = -4*q - 2*m. What is the units digit of q?
3
Suppose 4*p = -0*p. Suppose 3*d - 5*d = p. Suppose -2*s = -d*s - 14. What is the units digit of s?
7
Let i be 34/2 - (1 + -1). Suppose 3*m = 25 + 5. Suppose 2*l + 3*b = i, -3*l + m = -b - 10. What is the units digit of l?
7
Let h = -3 - -8. Suppose 1 + 14 = h*i. Suppose i*u = -4*x - 0*u + 22, 3*u = 2*x - 20. What is the units digit of x?
7
Suppose 0 = -2*z - 4*l + 2, 3*l - 6 = -0*l. Let o(y) = -y**3 - y**2 + 2*y - 1. What is the units digit of o(z)?
1
Let z be -1*(-6 - (1 + -2)). Let x(f) = f**2 - 3*f + 5. Let v be x(2). Suppose o = -z*i + 49, 5*i - 6*o + v*o - 53 = 0. What is the tens digit of i?
1
Suppose -5*l + 6 = -2*t, 5*l + 3 = -0*l - t. Suppose -3*y + 6*y = l. Suppose y - 4 = -4*b. What is the units digit of b?
1
Let d = 10 + -22. Let f = d + 28. What is the tens digit of f?
1
Let f(a) = 11*a + 2. Let i(v) = v**3 - 9*v**2 + v - 6. Let y be i(9). Let k be f(y). Suppose k = -0*z + 5*z + 5*x, 2*z + 5*x = 14. What is the units digit of z?
7
Suppose -2*j - 2*j - 56 = l, j = -4*l - 14. Let q(t) = 15*t. Let h be q(2). Let i = h + j. What is the units digit of i?
6
Let s(n) = 9*n + 1. What is the tens digit of s(1)?
1
Let b(m) = 3*m**3 + m**2 - 8*m + 18. What is the hundreds digit of b(4)?
1
Suppose 3*d - 3*c - 8 = -2*c, 2*d - 4*c = 22. What is the tens digit of d/(26/25 + -1)?
2
Let v(a) = a**2 + 3*a - 5. What is the units digit of v(-6)?
3
Suppose 5*g - 2*g - 558 = 0. What is the tens digit of g?
8
Let y(l) = -l**3 + l - 1. Let w be y(1). Let a be ((-2)/5)/(w/(-10)). What is the tens digit of (-13)/(2/a*2)?
1
Suppose -2*s + 2*p + 18 = 0, -4*p + 0*p - 47 = -5*s. Suppose 7 = -3*a - s. What is the units digit of (-104)/(-18) - a/27?
6
Let x = -13 + 8. Let l = x + 14. What is the units digit of l?
9
What is the units digit of (((-4)/(-6))/(-1))/((-4)/444)?
4
Let l = -4 - -4. Suppose 5*p + l*p + 65 = 0. Let q = 24 + p. What is the units digit of q?
1
Let f(w) = 7*w - 7. Let m be f(7). Let k = m + -27. What is the tens digit of k?
1
Suppose 5*y = 3*a - 10, -a + 3 = 2*y - 4. Suppose 3*c = -a*x - 37 + 102, 5*c - 5 = 2*x. Suppose 3*q = q + x. What is the units digit of q?
5
Let w(o) = -o + 20. What is the units digit of w(0)?
0
Suppose